me factors of d?
2, 3
Let f(h) = -3*h. Let y be f(-1). Let o = 43 - 31. Suppose 0 = -3*g + y*l + 39, -2 + o = g - 2*l. What are the prime factors of g?
2
Suppose 8*l = 11*l - 294. List the prime factors of l.
2, 7
Let a(o) = -41*o + 1. Let t be a(-1). Let v be (-390)/14 - (-2)/(-14). Let c = v + t. What are the prime factors of c?
2, 7
Suppose -68 = -d - 3*m, 5*d - 360 = -2*m + 32. List the prime factors of d.
2, 5
Let n be (-2 - 8/(-3))*3. Suppose 3*o = -n*o. Suppose o = -v + 5. List the prime factors of v.
5
Let g(v) = -v**2 + 5*v - 2. Let i be g(3). Suppose -y + 4 + i = 0. List the prime factors of y.
2
Let n = -18 - 2. Suppose 45 = -m - 7*s + 2*s, 2*s - 180 = 4*m. List the prime factors of m/n - 2/8.
2
Suppose 2*l + 1 = j, 6*l - l + 3 = 3*j. Suppose l = g - 3*k - 12, -4*g - 1 = 5*k - 15. List the prime factors of g.
2, 3
Let n(l) = -36*l - 21. Let r(s) = 9*s + 5. Let p(q) = -5*n(q) - 21*r(q). What are the prime factors of p(-4)?
2, 3
Let y = -19 - -53. List the prime factors of y.
2, 17
Let t(d) = -d + 2. Let u be t(5). Let a = u + 11. List the prime factors of 2/(-1 + 3) + a.
3
Let u be (6/(-4))/(6/(-4)). Let k = 4 + u. Suppose b + 19 = k*r, 0 = -3*r + 24 - 9. What are the prime factors of b?
2, 3
Suppose -10 + 3 = -t. What are the prime factors of t?
7
Let a be (5/(-3))/(3/9). Let k = a - -20. Let g = 22 - k. What are the prime factors of g?
7
Suppose -14*y = -9*y - 275. What are the prime factors of y?
5, 11
Let a(d) = 2*d**3 + 4*d**2 + 2*d. Let k be a(-2). Let c be (6 + -3)*(-2 - 0). Let m = k - c. List the prime factors of m.
2
Let p be 280/6*36/(-10). Let r = 236 + p. Suppose 2*j = 6*j - r. What are the prime factors of j?
17
Let h = -9 + 8. What are the prime factors of 1/((-4)/116*h)?
29
Suppose -3*v - 9 = -6*v. Suppose 0 = 5*y - 4*m - 2 - 110, -2*m = -v*y + 66. List the prime factors of y.
2, 5
Suppose -2*y = 3*n - 359, 0 = -3*y - 0*n + n + 522. What are the prime factors of y?
5, 7
Suppose -373 + 1109 = 23*y. What are the prime factors of y?
2
Let k be 4 - (1 + 0)*0. Suppose 0 = 2*l - 5*d - 48, -k*l + 24 = -3*l - 4*d. Suppose l = 2*w + w. What are the prime factors of w?
2
Suppose x = -t + 3, 5*t + x + 2*x = 15. Suppose 2 + 40 = t*v. What are the prime factors of v?
2, 7
Suppose 5*c - 53 = 27. Let i(n) = n**2 - 14*n + 6. List the prime factors of i(c).
2, 19
What are the prime factors of (27 - (-1 + -1))*1?
29
Let d(n) = 3 - 4 - 2*n + 0*n. Let j(g) = -2*g - 2. Let q(m) = 3*d(m) - 2*j(m). List the prime factors of q(-3).
7
Let q(l) = -4*l**3 - l + 3. What are the prime factors of q(-2)?
37
Let l = -9 + 15. What are the prime factors of ((-372)/(-18))/(4/l)?
31
Suppose -4*u + u + 45 = 0. Let y = u - 10. Suppose y*z - 20 = z. List the prime factors of z.
5
Suppose 0 = -j - 4, 0 = -4*t + 3*j - 2 + 22. Suppose 3*f - t*z = 33, -f + 25 = -3*z + 7. What are the prime factors of f?
3
Let m(x) = 5*x**2 + 18*x - 19. What are the prime factors of m(-10)?
7, 43
Let u = -20 + 80. What are the prime factors of u?
2, 3, 5
Let f(j) = 5*j**2 + 7*j**2 + 0 - j**3 + 15 - 12*j. Let s be f(11). Suppose s*d - 43 = 1. List the prime factors of d.
11
Let f(z) = -z**2 - 6*z + 9. Let x be f(-7). Suppose 9 = x*p - d + 3, d + 21 = 5*p. List the prime factors of p.
5
Suppose 8*z = 3*z + 280. What are the prime factors of z?
2, 7
Let r = 9 + -4. Suppose -5*y + 7 = -0*o + 3*o, -r*y + 9 = o. Let u(b) = 5*b**2 - 2*b - 1. What are the prime factors of u(o)?
2, 3
Let t(p) = -p + 3. List the prime factors of t(-3).
2, 3
Let a(t) = -31*t. List the prime factors of a(-3).
3, 31
Let k be 7/7 - (-3 - 1). What are the prime factors of (-4)/(-10) + 53/k?
11
Suppose -13 - 31 = -2*t. Suppose 4*u + t = 5*u. List the prime factors of u.
2, 11
Suppose -t - h + 5*h + 35 = 0, 0 = 5*h. Suppose 0 = 2*o + 2*o - 5*d + 3, 0 = 3*o - 5*d + 6. What are the prime factors of o/(-5) - (-336)/t?
3
Let x be (9/6)/(6/8). List the prime factors of 13/(x + (-2 - -1)).
13
Suppose -5*a - 4*c = -c - 90, -4*a = 2*c - 72. List the prime factors of a.
2, 3
Let u = -10 - -2. List the prime factors of u/24 - (-26)/6.
2
Suppose -77*p + 82*p - 210 = 0. List the prime factors of p.
2, 3, 7
Suppose 0 = 6*v - v. Suppose -2*z - 12 = -4*h, v*z - 2*h = -2*z - 8. Let l = 0 - z. List the prime factors of l.
2
Suppose 51 + 111 = 2*z - 5*u, 3*z - 250 = 4*u. What are the prime factors of z?
2, 43
List the prime factors of (-4)/(16/44)*(-28 + 3).
5, 11
Let h = -11 + 7. Suppose -2*z + p - 1 = -4*p, -3*p + 12 = -5*z. What are the prime factors of -2 + z/(3/h)?
2
Suppose -4*k + 15 = -1. Let y(d) = d**2 + 8*d + 3. Let g be y(-7). What are the prime factors of (-1 + k)/((-4)/g)?
3
Suppose 2*t = 1 + 27. List the prime factors of t.
2, 7
Let n = -4 - -5. Let b be ((-34)/6 + n)*-3. Let z = b + -10. What are the prime factors of z?
2
Suppose 41 - 721 = -3*o - 5*z, 2*o = -3*z + 452. What are the prime factors of o?
2, 5, 11
Let a be (6/10)/(7/(-35)). What are the prime factors of 4*(a + 172/16)?
31
Let o be 31/4 + 12/(-16). Let p = -8 + 11. Let l = o + p. List the prime factors of l.
2, 5
Let z = 12 + 2. List the prime factors of z*-2*9/(-12).
3, 7
Let u(c) be the second derivative of -17*c**3/6 + c**2 + 3*c. Let b(f) = -9*f + 1. Let q(v) = 7*b(v) - 4*u(v). What are the prime factors of q(1)?
2
Suppose -4 = -r, -3*r = -s + 2*r + 31. What are the prime factors of s?
3, 17
Suppose -z + 4*m = -27, -36 = -2*z - 3*m + 5*m. Let q = z - 0. List the prime factors of q.
3, 5
Let u(g) = -4 - 3*g + 5*g - 4. List the prime factors of u(6).
2
Suppose -5*h + 5 = 0, 4*g - 2*h - h - 5 = 0. Suppose -g*a + a = -28. List the prime factors of a.
2, 7
Let s be 6/10 + (-16)/10. Let l = 4 - s. Suppose -20 = -5*t, 50 = 3*f + l*t - 33. List the prime factors of f.
3, 7
Suppose -3*r + 757 = -2*z, 229 = r - 2*z + 6*z. List the prime factors of r.
3, 83
Let g be 0*1/3 + -2. Let n = 5 - g. What are the prime factors of n?
7
Suppose 0 = -2*y + 148 - 18. What are the prime factors of y?
5, 13
Suppose -4*d + 7*d - 15 = 0. Suppose u - 11 = 4*u + 5*o, 4*u - d*o - 32 = 0. List the prime factors of u.
3
Let a(u) = -u**3 - 16*u**2 + 23. What are the prime factors of a(-16)?
23
Let p = 0 + -18. Let w = p + 29. What are the prime factors of w?
11
Suppose -3*s + 2 = -2*s. Suppose 0 = -s*w + 3*w - 13. List the prime factors of w.
13
List the prime factors of 6/14 + (-999)/(-21).
2, 3
Let f(g) be the third derivative of 11*g**6/360 - g**5/120 + 2*g**3/3 - 2*g**2. Let x(q) be the first derivative of f(q). List the prime factors of x(-1).
2, 3
Let p be 0/(3/(1 - -2)). Let b(j) = j + 10. Let u be b(-7). Suppose -s + 40 = 2*s + 2*r, p = u*s - 5*r - 5. What are the prime factors of s?
2, 5
Suppose -4*d + 20 = -0. Let a = d - -7. Suppose -6*q = -4*q - a. List the prime factors of q.
2, 3
Suppose 3*s + 3 = -5*g, -3 = -g - 2*g + 3*s. Suppose g = -2*y - 4*z + 32, 5*z - 65 = -5*y - 0*z. List the prime factors of y.
2, 5
Suppose -4*z + 3 + 4 = -5*b, z = b + 1. Let p = z + 0. List the prime factors of (-33)/(p + -1) - 0.
11
Let v(j) = -j**3 - 4*j**2 - 3*j + 4. Let i be v(-3). Suppose -r = r + f + 6, i*r + 18 = f. Let p = r - -8. List the prime factors of p.
2
Let g be 2/8 - (-11)/4. Suppose 0 = -g*d + 5*d - 4. Suppose -4*m = b, 2*m + 9 = d*b + m. List the prime factors of b.
2
Let u(z) = z**3 - 8*z**2 + z - 10. Let m(o) = o**3 - 5*o**2 + 5*o + 4. Let g be m(4). Let v be u(g). What are the prime factors of 3/v*(-26)/3?
13
Suppose 0 = k + 2*l - 164, 5*k - 541 - 254 = -5*l. List the prime factors of k.
2, 7, 11
Let z(p) = 2*p**2 - 8*p - 6. What are the prime factors of z(-5)?
2, 3, 7
Suppose -5*f = -4*t - 36, -4*f - 6*t = -2*t. Let x = f - 1. Suppose -4*o = -x*m + 53, 4*m + 2*o - 29 = -o. What are the prime factors of m?
11
Let m = 47 - -22. Let g = -45 + m. What are the prime factors of g?
2, 3
Suppose 5*i - 24 - 1 = 0. Suppose 3*x = -2*x - i. Let h = 3 + x. What are the prime factors of h?
2
Let w(h) = h - 4. Let a = -3 + 3. Suppose i - 7 = -a. List the prime factors of w(i).
3
List the prime factors of (1/2)/(13/1534).
59
Let o(z) = 73*z - 17. List the prime factors of o(2).
3, 43
Suppose 0 = l - 6 - 2. List the prime factors of l.
2
Suppose 2*j - 6*j = 0. Suppose j*l - 12 = -4*l. What are the prime factors of 1*9/l - -15?
2, 3
Suppose 2*m - 105 - 14 = -5*i, -199 = -4*m + 3*